{"id":194,"date":"2018-09-26T17:30:07","date_gmt":"2018-09-26T17:30:07","guid":{"rendered":"https:\/\/renovation.progressionstudios.com\/?page_id=194"},"modified":"2020-10-14T10:46:09","modified_gmt":"2020-10-14T10:46:09","slug":"produseservicii","status":"publish","type":"page","link":"https:\/\/www.romagriculture.ro\/romagr\/index.php\/produseservicii\/","title":{"rendered":"Produse \u0219i Servicii"},"content":{"rendered":"\t\t<div data-elementor-type=\"wp-page\" data-elementor-id=\"194\" class=\"elementor elementor-194\" data-elementor-settings=\"[]\">\n\t\t\t\t\t\t<div class=\"elementor-inner\">\n\t\t\t\t\t\t\t<div class=\"elementor-section-wrap\">\n\t\t\t\t\t\t\t<section class=\"elementor-section elementor-top-section elementor-element elementor-element-4bd9056 elementor-section-boxed elementor-section-height-default elementor-section-height-default elementor-invisible\" data-id=\"4bd9056\" data-element_type=\"section\" data-settings=\"{&quot;animation&quot;:&quot;fadeIn&quot;}\">\n\t\t\t\t\t\t<div class=\"elementor-container elementor-column-gap-default\">\n\t\t\t\t\t\t\t<div class=\"elementor-row\">\n\t\t\t\t\t<div class=\"elementor-column elementor-col-100 elementor-top-column elementor-element elementor-element-ca210df\" data-id=\"ca210df\" data-element_type=\"column\">\n\t\t\t<div class=\"elementor-column-wrap elementor-element-populated\">\n\t\t\t\t\t\t\t<div class=\"elementor-widget-wrap\">\n\t\t\t\t\t\t<section class=\"elementor-section elementor-inner-section elementor-element elementor-element-9b1607d elementor-section-boxed elementor-section-height-default elementor-section-height-default elementor-invisible\" data-id=\"9b1607d\" data-element_type=\"section\" data-settings=\"{&quot;animation&quot;:&quot;fadeIn&quot;}\">\n\t\t\t\t\t\t<div class=\"elementor-container elementor-column-gap-default\">\n\t\t\t\t\t\t\t<div class=\"elementor-row\">\n\t\t\t\t\t<div class=\"elementor-column elementor-col-50 elementor-inner-column elementor-element elementor-element-3d4fb3d\" data-id=\"3d4fb3d\" data-element_type=\"column\">\n\t\t\t<div class=\"elementor-column-wrap elementor-element-populated\">\n\t\t\t\t\t\t\t<div class=\"elementor-widget-wrap\">\n\t\t\t\t\t\t<div class=\"elementor-element elementor-element-5fae7c5b elementor-widget elementor-widget-heading\" data-id=\"5fae7c5b\" data-element_type=\"widget\" data-widget_type=\"heading.default\">\n\t\t\t\t<div class=\"elementor-widget-container\">\n\t\t\t<h2 class=\"elementor-heading-title elementor-size-default\">Trading inputuri agricole<\/h2>\t\t<\/div>\n\t\t\t\t<\/div>\n\t\t\t\t<div class=\"elementor-element elementor-element-5cda49ec elementor-widget elementor-widget-text-editor\" data-id=\"5cda49ec\" data-element_type=\"widget\" data-widget_type=\"text-editor.default\">\n\t\t\t\t<div class=\"elementor-widget-container\">\n\t\t\t\t\t<div class=\"elementor-text-editor elementor-clearfix\"><p>Segmentul produselor permise \u00een agricultur\u0103 pentru cre\u0219terea productivit\u0103\u021bii este foarte bine acoperit de compania noastr\u0103, care ofer\u0103 un raport excelent calitate-pre\u021b \u00een acest domeniu.<strong> ROMAGRICULTURE<\/strong> comercializeaz\u0103 un portfoliu variat de <strong>inputuri agricole<\/strong>, pe lista c\u0103rora se afl\u0103 semin\u021be, \u00eengr\u0103\u0219\u0103minte, pesticide \u0219i ierbicide, fungicide \u0219i insecticide.<\/p><p>Oferta noastr\u0103 de <strong>semin\u021be<\/strong> soiuri si hibrizi cu potential ridicat de productie adaptate la condi\u021biile climaterice din Rom\u00e2nia, de la cele mai importante companii produc\u0103toare. Putem oferi semin\u021be pentru culturile de cereale p\u0103ioase, porumb, floarea soarelui, soia, sorg, lucern\u0103, maz\u0103re, rapi\u021b\u0103 \u0219i altele. \u00a0<\/p><p>La capitolul <strong>\u00eengr\u0103\u0219\u0103minte, <\/strong>asigur\u0103m at\u00e2t o gam\u0103 complet\u0103 de \u00eengr\u0103\u0219\u0103minte, c\u00e2t \u0219i costuri optimizate, prin intermediul parteneriatelor strategice create cu cei mai importan\u021bi produc\u0103tori de \u00eengr\u0103\u0219\u0103minte din Europa. Datorit\u0103 calit\u0103\u021bii acestor produse, rezultatele ob\u021binute vor fi pe m\u0103sur\u0103.<\/p><p>Pentru c\u0103 orice cultur\u0103 agricol\u0103 trebuie \u00eengrijit\u0103 \u0219i supravegheat\u0103 atent, pe tot parcursul dezvolt\u0103rii acesteia punem la dispozi\u021bie un portofoliu complex de\u00a0<strong>protectie a plantelor<\/strong>\u00a0care \u00eenglobeaz\u0103 cele mai noi tehnologii \u0219i asigur\u0103 o protec\u021bie integral\u0103 a culturii. Pe lista acestora se num\u0103r\u0103 tratamentele specifice tuturor culturilor, de la tratamentul semin\u021bei, p\u00e2n\u0103 la combaterea bolilor, d\u0103un\u0103torilor \u0219i buruienilor.<\/p><\/div>\n\t\t\t\t<\/div>\n\t\t\t\t<\/div>\n\t\t\t\t\t\t<\/div>\n\t\t\t\t\t<\/div>\n\t\t<\/div>\n\t\t\t\t<div class=\"elementor-column elementor-col-50 elementor-inner-column elementor-element elementor-element-4e02fcd\" data-id=\"4e02fcd\" data-element_type=\"column\">\n\t\t\t<div class=\"elementor-column-wrap elementor-element-populated\">\n\t\t\t\t\t\t\t<div class=\"elementor-widget-wrap\">\n\t\t\t\t\t\t<div class=\"elementor-element elementor-element-fdf8e81 elementor-widget elementor-widget-image\" data-id=\"fdf8e81\" data-element_type=\"widget\" data-widget_type=\"image.default\">\n\t\t\t\t<div class=\"elementor-widget-container\">\n\t\t\t\t\t<div class=\"elementor-image\">\n\t\t\t\t\t\t\t\t\t\t<img width=\"380\" height=\"550\" src=\"https:\/\/www.romagriculture.ro\/romagr\/wp-content\/uploads\/2020\/10\/produse5.jpg\" class=\"attachment-full size-full\" alt=\"\" loading=\"lazy\" srcset=\"https:\/\/www.romagriculture.ro\/romagr\/wp-content\/uploads\/2020\/10\/produse5.jpg 380w, https:\/\/www.romagriculture.ro\/romagr\/wp-content\/uploads\/2020\/10\/produse5-207x300.jpg 207w\" sizes=\"(max-width: 380px) 100vw, 380px\" \/>\t\t\t\t\t\t\t\t\t\t\t<\/div>\n\t\t\t\t<\/div>\n\t\t\t\t<\/div>\n\t\t\t\t\t\t<\/div>\n\t\t\t\t\t<\/div>\n\t\t<\/div>\n\t\t\t\t\t\t\t\t<\/div>\n\t\t\t\t\t<\/div>\n\t\t<\/section>\n\t\t\t\t\t\t<\/div>\n\t\t\t\t\t<\/div>\n\t\t<\/div>\n\t\t\t\t\t\t\t\t<\/div>\n\t\t\t\t\t<\/div>\n\t\t<\/section>\n\t\t\t\t<section class=\"elementor-section elementor-top-section elementor-element elementor-element-4ebd8af elementor-section-boxed elementor-section-height-default elementor-section-height-default elementor-invisible\" data-id=\"4ebd8af\" data-element_type=\"section\" data-settings=\"{&quot;animation&quot;:&quot;fadeIn&quot;}\">\n\t\t\t\t\t\t<div class=\"elementor-container elementor-column-gap-default\">\n\t\t\t\t\t\t\t<div class=\"elementor-row\">\n\t\t\t\t\t<div class=\"elementor-column elementor-col-100 elementor-top-column elementor-element elementor-element-ba550c1\" data-id=\"ba550c1\" data-element_type=\"column\">\n\t\t\t<div class=\"elementor-column-wrap elementor-element-populated\">\n\t\t\t\t\t\t\t<div class=\"elementor-widget-wrap\">\n\t\t\t\t\t\t<section class=\"elementor-section elementor-inner-section elementor-element elementor-element-d88cc85 elementor-section-boxed elementor-section-height-default elementor-section-height-default\" data-id=\"d88cc85\" data-element_type=\"section\">\n\t\t\t\t\t\t<div class=\"elementor-container elementor-column-gap-default\">\n\t\t\t\t\t\t\t<div class=\"elementor-row\">\n\t\t\t\t\t<div class=\"elementor-column elementor-col-50 elementor-inner-column elementor-element elementor-element-eb90870\" data-id=\"eb90870\" data-element_type=\"column\">\n\t\t\t<div class=\"elementor-column-wrap elementor-element-populated\">\n\t\t\t\t\t\t\t<div class=\"elementor-widget-wrap\">\n\t\t\t\t\t\t<div class=\"elementor-element elementor-element-17f3afb elementor-widget elementor-widget-image\" data-id=\"17f3afb\" data-element_type=\"widget\" data-widget_type=\"image.default\">\n\t\t\t\t<div class=\"elementor-widget-container\">\n\t\t\t\t\t<div class=\"elementor-image\">\n\t\t\t\t\t\t\t\t\t\t<img width=\"380\" height=\"550\" src=\"https:\/\/www.romagriculture.ro\/romagr\/wp-content\/uploads\/2020\/10\/produse2.jpg\" class=\"attachment-full size-full\" alt=\"\" loading=\"lazy\" srcset=\"https:\/\/www.romagriculture.ro\/romagr\/wp-content\/uploads\/2020\/10\/produse2.jpg 380w, https:\/\/www.romagriculture.ro\/romagr\/wp-content\/uploads\/2020\/10\/produse2-207x300.jpg 207w\" sizes=\"(max-width: 380px) 100vw, 380px\" \/>\t\t\t\t\t\t\t\t\t\t\t<\/div>\n\t\t\t\t<\/div>\n\t\t\t\t<\/div>\n\t\t\t\t\t\t<\/div>\n\t\t\t\t\t<\/div>\n\t\t<\/div>\n\t\t\t\t<div class=\"elementor-column elementor-col-50 elementor-inner-column elementor-element elementor-element-b680b1a\" data-id=\"b680b1a\" data-element_type=\"column\">\n\t\t\t<div class=\"elementor-column-wrap elementor-element-populated\">\n\t\t\t\t\t\t\t<div class=\"elementor-widget-wrap\">\n\t\t\t\t\t\t<div class=\"elementor-element elementor-element-4df85e4 elementor-widget elementor-widget-heading\" data-id=\"4df85e4\" data-element_type=\"widget\" data-widget_type=\"heading.default\">\n\t\t\t\t<div class=\"elementor-widget-container\">\n\t\t\t<h2 class=\"elementor-heading-title elementor-size-default\">Trading cereale<\/h2>\t\t<\/div>\n\t\t\t\t<\/div>\n\t\t\t\t<div class=\"elementor-element elementor-element-257e1db elementor-widget elementor-widget-text-editor\" data-id=\"257e1db\" data-element_type=\"widget\" data-widget_type=\"text-editor.default\">\n\t\t\t\t<div class=\"elementor-widget-container\">\n\t\t\t\t\t<div class=\"elementor-text-editor elementor-clearfix\"><p>Una dintre misiunile noastre este valorificarea produc\u021biei clien\u021bilor cu care colabor\u0103m, pentru a contribui la cre\u0219terea profitabilt\u0103\u021bii \u0219i a bonit\u0103\u021bii acestora. Ne sus\u021binem clien\u021bii prin comer\u021bul cu cereale \u0219i achizi\u021bion\u0103m principalele tipuri de culturi agricole &#8211;<strong>\u00a0gr\u00e2u, floarea soarelui, orz, orzoaic\u0103 pentru bere, rapi\u021b\u0103, maz\u0103re \u0219i soia<\/strong>\u00a0&#8211; garant\u00e2nd siguran\u021ba \u0219i corectitudinea fiec\u0103rei analize efectuate \u00een procesul de achizi\u021bie a recoltei.<\/p><p>Pentru c\u0103 ne dorim ca partenerii no\u0219tri s\u0103 aib\u0103 acces la cele mai bune recolte, oferim consultan\u021b\u0103 \u0219i acces constant la informa\u021bii specifice pie\u021bei. De asemenea, promov\u0103m exporturile de cereale at\u00e2t \u00een interesul financiar al fermierilor, c\u00e2t \u0219i cu scopul de a satisface nevoile partenerilor interna\u021bionali.<\/p><p><strong>ROMAGRICULTURE<\/strong>\u00a0dezvolt\u0103, totodat\u0103, constant solu\u021bii de management al riscului inerent \u00een agricultur\u0103 \u0219i garanteaz\u0103 siguran\u021ba pl\u0103\u021bii recoltelor achizi\u021bionate, pentru a sus\u021bine profitabilitatea fermierilor.<\/p><\/div>\n\t\t\t\t<\/div>\n\t\t\t\t<\/div>\n\t\t\t\t\t\t<\/div>\n\t\t\t\t\t<\/div>\n\t\t<\/div>\n\t\t\t\t\t\t\t\t<\/div>\n\t\t\t\t\t<\/div>\n\t\t<\/section>\n\t\t\t\t\t\t<\/div>\n\t\t\t\t\t<\/div>\n\t\t<\/div>\n\t\t\t\t\t\t\t\t<\/div>\n\t\t\t\t\t<\/div>\n\t\t<\/section>\n\t\t\t\t<section class=\"elementor-section elementor-top-section elementor-element elementor-element-a0034a3 elementor-section-boxed elementor-section-height-default elementor-section-height-default elementor-invisible\" data-id=\"a0034a3\" data-element_type=\"section\" data-settings=\"{&quot;animation&quot;:&quot;fadeIn&quot;}\">\n\t\t\t\t\t\t<div class=\"elementor-container elementor-column-gap-default\">\n\t\t\t\t\t\t\t<div class=\"elementor-row\">\n\t\t\t\t\t<div class=\"elementor-column elementor-col-100 elementor-top-column elementor-element elementor-element-0d4d6d8\" data-id=\"0d4d6d8\" data-element_type=\"column\">\n\t\t\t<div class=\"elementor-column-wrap elementor-element-populated\">\n\t\t\t\t\t\t\t<div class=\"elementor-widget-wrap\">\n\t\t\t\t\t\t<section class=\"elementor-section elementor-inner-section elementor-element elementor-element-01d72f5 elementor-section-boxed elementor-section-height-default elementor-section-height-default\" data-id=\"01d72f5\" data-element_type=\"section\">\n\t\t\t\t\t\t<div class=\"elementor-container elementor-column-gap-default\">\n\t\t\t\t\t\t\t<div class=\"elementor-row\">\n\t\t\t\t\t<div class=\"elementor-column elementor-col-50 elementor-inner-column elementor-element elementor-element-244a4e5\" data-id=\"244a4e5\" data-element_type=\"column\">\n\t\t\t<div class=\"elementor-column-wrap elementor-element-populated\">\n\t\t\t\t\t\t\t<div class=\"elementor-widget-wrap\">\n\t\t\t\t\t\t<div class=\"elementor-element elementor-element-849c1d4 elementor-widget elementor-widget-heading\" data-id=\"849c1d4\" data-element_type=\"widget\" data-widget_type=\"heading.default\">\n\t\t\t\t<div class=\"elementor-widget-container\">\n\t\t\t<h2 class=\"elementor-heading-title elementor-size-default\">Trading combustibili pentru agricultur\u0103<\/h2>\t\t<\/div>\n\t\t\t\t<\/div>\n\t\t\t\t<div class=\"elementor-element elementor-element-ce25b2d elementor-widget elementor-widget-text-editor\" data-id=\"ce25b2d\" data-element_type=\"widget\" data-widget_type=\"text-editor.default\">\n\t\t\t\t<div class=\"elementor-widget-container\">\n\t\t\t\t\t<div class=\"elementor-text-editor elementor-clearfix\"><p><strong>ROMAGRICULTURE\u00a0<\/strong>asigur\u0103 distribu\u021bia\u00a0\u0219i comercializarea\u00a0en-gross\u00a0a motorinei pentru\u00a0domeniul agricol, furniz\u00e2nd acest\u00a0<strong>carburant exclusiv \u00een agricultur\u0103<\/strong>\u00a0c\u0103tre un portofoliu de peste 600 de clien\u021bi. Acest combustibil este un tip superior de motorin\u0103, cu o calitate certificat\u0103 \u0219i controlat\u0103 \u00een permanen\u021b\u0103, care provine de la furnizori renumi\u021bi de carburant pentru agricultur\u0103.<\/p><p>Datorit\u0103 acestor furnizori reputabili, TINMAR, SOCAR, MOL, LUKOIL \u0219i ROMPETROL, produsul finit are o calitate deosebit\u0103 garantat\u0103 \u00een permanen\u021b\u0103 \u0219i clien\u021bii pot fi siguri c\u0103 alegerea f\u0103cut\u0103 este cea mai bun\u0103.\u00a0<strong>ROMAGRICULTURE<\/strong>\u00a0livreaz\u0103 combustibilul \u00een deplin\u0103 siguran\u021b\u0103 in termenul cel mai scurt posibil, maxim 48 de ore, ceea ce ofer\u0103 o garan\u021bie \u00een plus a activit\u0103\u021bii noastre.<\/p><p>Din momentul comenzii plasate de client, livrarea motorinei va fi realizat\u0103 prin distribuitori autoriza\u021bi, direct la ferma beneficiarului, cu mijloace de m\u0103surare \u0219i facturare imediat\u0103. \u00cen acest moment motorina poate fi comandat\u0103 de clien\u021bi din jude\u021bele Ialomi\u021ba, C\u0103l\u0103ra\u0219i, Ilfov, Giurgiu, Teleorman, Br\u0103ila, Constan\u021ba, Tulcea, Prahova, Buz\u0103u, Vrancea, Galati \u0219i D\u00e2mbovi\u021ba.<\/p><p>Pentru facilitarea colabor\u0103rilor cu firmele sau persoanele interesate, putem oferi mai multe variante de plat\u0103 \u00een func\u021bie de bonitate, volumul de combustibil achizi\u021bionat, de nevoile individuale, dar \u0219i de istoricul de colaborare dintre noi \u0219i clien\u021bii no\u0219tri.<\/p><\/div>\n\t\t\t\t<\/div>\n\t\t\t\t<\/div>\n\t\t\t\t\t\t<\/div>\n\t\t\t\t\t<\/div>\n\t\t<\/div>\n\t\t\t\t<div class=\"elementor-column elementor-col-50 elementor-inner-column elementor-element elementor-element-8eaa5f8\" data-id=\"8eaa5f8\" data-element_type=\"column\">\n\t\t\t<div class=\"elementor-column-wrap elementor-element-populated\">\n\t\t\t\t\t\t\t<div class=\"elementor-widget-wrap\">\n\t\t\t\t\t\t<div class=\"elementor-element elementor-element-6f25ae5 elementor-widget elementor-widget-image\" data-id=\"6f25ae5\" data-element_type=\"widget\" data-widget_type=\"image.default\">\n\t\t\t\t<div class=\"elementor-widget-container\">\n\t\t\t\t\t<div class=\"elementor-image\">\n\t\t\t\t\t\t\t\t\t\t<img width=\"380\" height=\"550\" src=\"https:\/\/www.romagriculture.ro\/romagr\/wp-content\/uploads\/2020\/10\/produse3.jpg\" class=\"attachment-full size-full\" alt=\"\" loading=\"lazy\" srcset=\"https:\/\/www.romagriculture.ro\/romagr\/wp-content\/uploads\/2020\/10\/produse3.jpg 380w, https:\/\/www.romagriculture.ro\/romagr\/wp-content\/uploads\/2020\/10\/produse3-207x300.jpg 207w\" sizes=\"(max-width: 380px) 100vw, 380px\" \/>\t\t\t\t\t\t\t\t\t\t\t<\/div>\n\t\t\t\t<\/div>\n\t\t\t\t<\/div>\n\t\t\t\t\t\t<\/div>\n\t\t\t\t\t<\/div>\n\t\t<\/div>\n\t\t\t\t\t\t\t\t<\/div>\n\t\t\t\t\t<\/div>\n\t\t<\/section>\n\t\t\t\t\t\t<\/div>\n\t\t\t\t\t<\/div>\n\t\t<\/div>\n\t\t\t\t\t\t\t\t<\/div>\n\t\t\t\t\t<\/div>\n\t\t<\/section>\n\t\t\t\t<section class=\"elementor-section elementor-top-section elementor-element elementor-element-748599f elementor-section-boxed elementor-section-height-default elementor-section-height-default elementor-invisible\" data-id=\"748599f\" data-element_type=\"section\" data-settings=\"{&quot;animation&quot;:&quot;fadeIn&quot;}\">\n\t\t\t\t\t\t<div class=\"elementor-container elementor-column-gap-default\">\n\t\t\t\t\t\t\t<div class=\"elementor-row\">\n\t\t\t\t\t<div class=\"elementor-column elementor-col-100 elementor-top-column elementor-element elementor-element-e4300ce\" data-id=\"e4300ce\" data-element_type=\"column\">\n\t\t\t<div class=\"elementor-column-wrap elementor-element-populated\">\n\t\t\t\t\t\t\t<div class=\"elementor-widget-wrap\">\n\t\t\t\t\t\t<section class=\"elementor-section elementor-inner-section elementor-element elementor-element-fd462ed elementor-section-boxed elementor-section-height-default elementor-section-height-default\" data-id=\"fd462ed\" data-element_type=\"section\">\n\t\t\t\t\t\t<div class=\"elementor-container elementor-column-gap-default\">\n\t\t\t\t\t\t\t<div class=\"elementor-row\">\n\t\t\t\t\t<div class=\"elementor-column elementor-col-50 elementor-inner-column elementor-element elementor-element-795a300\" data-id=\"795a300\" data-element_type=\"column\">\n\t\t\t<div class=\"elementor-column-wrap elementor-element-populated\">\n\t\t\t\t\t\t\t<div class=\"elementor-widget-wrap\">\n\t\t\t\t\t\t<div class=\"elementor-element elementor-element-caf1e02 elementor-widget elementor-widget-image\" data-id=\"caf1e02\" data-element_type=\"widget\" data-widget_type=\"image.default\">\n\t\t\t\t<div class=\"elementor-widget-container\">\n\t\t\t\t\t<div class=\"elementor-image\">\n\t\t\t\t\t\t\t\t\t\t<img width=\"380\" height=\"550\" src=\"https:\/\/www.romagriculture.ro\/romagr\/wp-content\/uploads\/2020\/10\/produse4.jpg\" class=\"attachment-full size-full\" alt=\"\" loading=\"lazy\" srcset=\"https:\/\/www.romagriculture.ro\/romagr\/wp-content\/uploads\/2020\/10\/produse4.jpg 380w, https:\/\/www.romagriculture.ro\/romagr\/wp-content\/uploads\/2020\/10\/produse4-207x300.jpg 207w\" sizes=\"(max-width: 380px) 100vw, 380px\" \/>\t\t\t\t\t\t\t\t\t\t\t<\/div>\n\t\t\t\t<\/div>\n\t\t\t\t<\/div>\n\t\t\t\t\t\t<\/div>\n\t\t\t\t\t<\/div>\n\t\t<\/div>\n\t\t\t\t<div class=\"elementor-column elementor-col-50 elementor-inner-column elementor-element elementor-element-0095683\" data-id=\"0095683\" data-element_type=\"column\">\n\t\t\t<div class=\"elementor-column-wrap elementor-element-populated\">\n\t\t\t\t\t\t\t<div class=\"elementor-widget-wrap\">\n\t\t\t\t\t\t<div class=\"elementor-element elementor-element-d908a04 elementor-widget elementor-widget-heading\" data-id=\"d908a04\" data-element_type=\"widget\" data-widget_type=\"heading.default\">\n\t\t\t\t<div class=\"elementor-widget-container\">\n\t\t\t<h2 class=\"elementor-heading-title elementor-size-default\">Spa\u021bii de depozitare<\/h2>\t\t<\/div>\n\t\t\t\t<\/div>\n\t\t\t\t<div class=\"elementor-element elementor-element-a761cef elementor-widget elementor-widget-text-editor\" data-id=\"a761cef\" data-element_type=\"widget\" data-widget_type=\"text-editor.default\">\n\t\t\t\t<div class=\"elementor-widget-container\">\n\t\t\t\t\t<div class=\"elementor-text-editor elementor-clearfix\"><p><strong>Depozit de Inputuri:<\/strong><\/p><p>\u00a0Inputurile agricole sunt depozitate diferen\u021biat, \u00een spa\u021bii autorizate, \u00een func\u021bie de caracteristicile fiec\u0103rui produs \u00een parte. De asemenea, capacit\u0103\u021bile de stocare pe care le avem sunt destul de generoase, astfel \u00eenc\u00e2t s\u0103 r\u0103spund\u0103 c\u00e2t mai multor cereri venite din partea clien\u021bilor no\u0219tri.<\/p><p><strong>Spatii de depozitare cereale:<\/strong><\/p><p>Totodat\u0103, furniz\u0103m solu\u021bii autorizate de stocare a cerealelor, venind \u00een \u00eent\u00e2mpinarea nevoilor fermierilor ce nu dispun de capacit\u0103\u021bi proprii de depozitare. Cerealele sunt stocate \u00een spa\u021bii de genul silozurilor, al magaziilor \u0219i al halelor agricole, care sunt periodic igienizate \u0219i deratizate. Acest lucru ofer\u0103 pentru produsele depozitate o garan\u021bie a p\u0103strarii lor \u00een cele mai bune condi\u021bii. \u00cen plus, cerealele beneficiaz\u0103 de \u00eengrijire specific\u0103, potrivit particularit\u0103\u021bilor respective, realizat\u0103 de echipele noastre de speciali\u0219ti, conform regulilor \u00een vigoare.<\/p><\/div>\n\t\t\t\t<\/div>\n\t\t\t\t<\/div>\n\t\t\t\t\t\t<\/div>\n\t\t\t\t\t<\/div>\n\t\t<\/div>\n\t\t\t\t\t\t\t\t<\/div>\n\t\t\t\t\t<\/div>\n\t\t<\/section>\n\t\t\t\t\t\t<\/div>\n\t\t\t\t\t<\/div>\n\t\t<\/div>\n\t\t\t\t\t\t\t\t<\/div>\n\t\t\t\t\t<\/div>\n\t\t<\/section>\n\t\t\t\t\t\t<\/div>\n\t\t\t\t\t\t<\/div>\n\t\t\t\t\t<\/div>\n\t\t","protected":false},"excerpt":{"rendered":"<p>Trading inputuri agricole Segmentul produselor permise \u00een agricultur\u0103 pentru cre\u0219terea productivit\u0103\u021bii este foarte bine acoperit de compania noastr\u0103, care ofer\u0103 un raport excelent calitate-pre\u021b \u00een acest domeniu. ROMAGRICULTURE comercializeaz\u0103 un portfoliu variat de inputuri agricole, pe lista c\u0103rora se afl\u0103 semin\u021be, \u00eengr\u0103\u0219\u0103minte, pesticide \u0219i ierbicide, fungicide \u0219i insecticide. Oferta noastr\u0103 de semin\u021be soiuri si hibrizi [&hellip;]<\/p>\n","protected":false},"author":1,"featured_media":0,"parent":0,"menu_order":0,"comment_status":"closed","ping_status":"closed","template":"","meta":[],"_links":{"self":[{"href":"https:\/\/www.romagriculture.ro\/romagr\/index.php\/wp-json\/wp\/v2\/pages\/194"}],"collection":[{"href":"https:\/\/www.romagriculture.ro\/romagr\/index.php\/wp-json\/wp\/v2\/pages"}],"about":[{"href":"https:\/\/www.romagriculture.ro\/romagr\/index.php\/wp-json\/wp\/v2\/types\/page"}],"author":[{"embeddable":true,"href":"https:\/\/www.romagriculture.ro\/romagr\/index.php\/wp-json\/wp\/v2\/users\/1"}],"replies":[{"embeddable":true,"href":"https:\/\/www.romagriculture.ro\/romagr\/index.php\/wp-json\/wp\/v2\/comments?post=194"}],"version-history":[{"count":27,"href":"https:\/\/www.romagriculture.ro\/romagr\/index.php\/wp-json\/wp\/v2\/pages\/194\/revisions"}],"predecessor-version":[{"id":592,"href":"https:\/\/www.romagriculture.ro\/romagr\/index.php\/wp-json\/wp\/v2\/pages\/194\/revisions\/592"}],"wp:attachment":[{"href":"https:\/\/www.romagriculture.ro\/romagr\/index.php\/wp-json\/wp\/v2\/media?parent=194"}],"curies":[{"name":"wp","href":"https:\/\/api.w.org\/{rel}","templated":true}]}}